r when 135 is divided by 34.
33
Calculate the remainder when 820 is divided by 202.
12
Calculate the remainder when 597 is divided by 92.
45
Calculate the remainder when 189 is divided by 64.
61
What is the remainder when 7 is divided by 3?
1
Calculate the remainder when 26 is divided by 20.
6
Calculate the remainder when 366 is divided by 16.
14
Calculate the remainder when 6561 is divided by 95.
6
What is the remainder when 7 is divided by 2?
1
What is the remainder when 281 is divided by 47?
46
Calculate the remainder when 1346 is divided by 75.
71
What is the remainder when 205 is divided by 58?
31
Calculate the remainder when 543 is divided by 34.
33
What is the remainder when 4959 is divided by 216?
207
What is the remainder when 232 is divided by 51?
28
Calculate the remainder when 1162 is divided by 380.
22
Calculate the remainder when 318 is divided by 155.
8
What is the remainder when 13 is divided by 7?
6
What is the remainder when 262 is divided by 79?
25
What is the remainder when 179 is divided by 51?
26
Calculate the remainder when 406 is divided by 51.
49
Calculate the remainder when 186 is divided by 60.
6
Calculate the remainder when 316 is divided by 86.
58
Calculate the remainder when 83 is divided by 81.
2
What is the remainder when 8 is divided by 3?
2
Calculate the remainder when 66 is divided by 25.
16
Calculate the remainder when 284 is divided by 71.
0
What is the remainder when 379 is divided by 55?
49
What is the remainder when 231 is divided by 45?
6
What is the remainder when 3454 is divided by 96?
94
Calculate the remainder when 985 is divided by 2.
1
What is the remainder when 170 is divided by 159?
11
Calculate the remainder when 45 is divided by 13.
6
Calculate the remainder when 158 is divided by 10.
8
What is the remainder when 277 is divided by 99?
79
What is the remainder when 251 is divided by 105?
41
What is the remainder when 2139 is divided by 357?
354
What is the remainder when 734 is divided by 46?
44
Calculate the remainder when 1074 is divided by 8.
2
Calculate the remainder when 70 is divided by 22.
4
What is the remainder when 685 is divided by 47?
27
What is the remainder when 283 is divided by 180?
103
What is the remainder when 5796 is divided by 447?
432
What is the remainder when 1269 is divided by 24?
21
Calculate the remainder when 65 is divided by 12.
5
Calculate the remainder when 237 is divided by 20.
17
What is the remainder when 68 is divided by 32?
4
What is the remainder when 659 is divided by 39?
35
Calculate the remainder when 104 is divided by 71.
33
Calculate the remainder when 306 is divided by 7.
5
What is the remainder when 385 is divided by 18?
7
What is the remainder when 44 is divided by 39?
5
Calculate the remainder when 34 is divided by 19.
15
Calculate the remainder when 1152 is divided by 63.
18
What is the remainder when 1052 is divided by 66?
62
What is the remainder when 143 is divided by 16?
15
Calculate the remainder when 2469 is divided by 206.
203
What is the remainder when 6279 is divided by 5?
4
Calculate the remainder when 312 is divided by 67.
44
Calculate the remainder when 4043 is divided by 3.
2
Calculate the remainder when 212 is divided by 38.
22
Calculate the remainder when 187 is divided by 163.
24
Calculate the remainder when 354 is divided by 96.
66
What is the remainder when 1252 is divided by 18?
10
What is the remainder when 82 is divided by 21?
19
What is the remainder when 240 is divided by 113?
14
Calculate the remainder when 66 is divided by 43.
23
Calculate the remainder when 2832 is divided by 63.
60
Calculate the remainder when 183 is divided by 5.
3
What is the remainder when 245 is divided by 26?
11
What is the remainder when 1423 is divided by 15?
13
Calculate the remainder when 241 is divided by 83.
75
What is the remainder when 542 is divided by 16?
14
What is the remainder when 5536 is divided by 78?
76
What is the remainder when 905 is divided by 9?
5
What is the remainder when 152 is divided by 22?
20
Calculate the remainder when 7299 is divided by 146.
145
Calculate the remainder when 10835 is divided by 5.
0
Calculate the remainder when 162 is divided by 48.
18
Calculate the remainder when 484 is divided by 27.
25
What is the remainder when 63 is divided by 21?
0
What is the remainder when 29750 is divided by 211?
210
What is the remainder when 2516 is divided by 180?
176
Calculate the remainder when 235 is divided by 102.
31
What is the remainder when 2244 is divided by 2236?
8
Calculate the remainder when 214 is divided by 27.
25
Calculate the remainder when 1428 is divided by 182.
154
Calculate the remainder when 516 is divided by 103.
1
What is the remainder when 123 is divided by 6?
3
What is the remainder when 165 is divided by 39?
9
What is the remainder when 209 is divided by 42?
41
What is the remainder when 542 is divided by 91?
87
What is the remainder when 27866 is divided by 208?
202
Calculate the remainder when 306 is divided by 82.
60
What is the remainder when 2302 is divided by 1148?
6
Calculate the remainder when 209 is divided by 32.
17
Calculate the remainder when 165 is divided by 92.
73
Calculate the remainder when 4630 is divided by 3.
1
What is the remainder when 1194 is divided by 92?
90
Calculate the remainder when 242 is divided by 228.
14
What is the remainder when 700 is divided by 26?
24
What is the remainder when 1914 is divided by 31?
23
Calculate the remainder when 101 is divided by 32.
5
What is the remainder when 871 is divided by 188?
119
What is the remainder when 527 is divided by 6?
5
Calculate the remainder when 1464 is divided by 114.
96
What is the remainder when 323 is divided by 313?
10
Calculate the remainder when 6766 is divided by 67.
66
What is the remainder when 309 is divided by 78?
75
What is the remainder when 3039 is divided by 13?
10
What is the remainder when 167 is divided by 54?
5
Calculate the remainder when 5765 is divided by 206.
203
What is the remainder when 256 is divided by 39?
22
Calculate the remainder when 78 is divided by 31.
16
Calculate the remainder when 158 is divided by 26.
2
What is the remainder when 173 is divided by 36?
29
What is the remainder when 143 is divided by 48?
47
Calculate the remainder when 496 is divided by 242.
12
What is the remainder when 87 is divided by 22?
21
What is the remainder when 443 is divided by 6?
5
What is the remainder when 295 is divided by 8?
7
Calculate the remainder when 5167 is divided by 76.
75
What is the remainder when 43 is divided by 29?
14
Calculate the remainder when 23 is divided by 13.
10
What is the remainder when 87 is divided by 22?
21
What is the remainder when 1703 is divided by 424?
7
Calculate the remainder when 581 is divided by 53.
51
What is the remainder when 395 is divided by 112?
59
Calculate the remainder when 155 is divided by 64.
27
What is the remainder when 116 is divided by 56?
4
Calculate the remainder when 485 is divided by 58.
21
Calculate the remainder when 184 is divided by 53.
25
Calculate the remainder when 274 is divided by 49.
29
What is the remainder when 22 is divided by 5?
2
What is the remainder when 293 is divided by 55?
18
Calculate the remainder when 3303 is divided by 2.
1
What is the remainder when 297 is divided by 38?
31
Calculate the remainder when 46 is divided by 26.
20
Calculate the remainder when 1074 is divided by 157.
132
What is the remainder when 674 is divided by 22?
14
Calculate the remainder when 119 is divided by 8.
7
Calculate the remainder when 42 is divided by 16.
10
Calculate the remainder when 503 is divided by 56.
55
Calculate the remainder when 133 is divided by 31.
9
Calculate the remainder when 16 is divided by 9.
7
Calculate the remainder when 1245 is divided by 26.
23
Calculate the remainder when 868 is divided by 67.
64
What is the remainder when 2510 is divided by 56?
46
What is the remainder when 214 is divided by 36?
34
Calculate the remainder when 316 is divided by 24.
4
What is the remainder when 253 is divided by 69?
46
What is the remainder when 777 is divided by 52?
49
What is the remainder when 56791 is divided by 37?
33
What is the remainder when 7877 is divided by 197?
194
What is the remainder when 102 is divided by 68?
34
What is 